13
Let v be (416 - 406)/(2 - 1). Let j be 5*(1 + 26/10). What is the greatest common divisor of j and v?
2
Let y(a) = -31*a**3 + 3*a**2 - 28*a - 88. Let j be y(-3). Calculate the greatest common factor of 140 and j.
20
Suppose m = 10*t - 6*t + 16, -2 = m + 2*t. Suppose j + m*c - 9 = 0, c - 4 = j - 13. Let z be ((-3)/2)/(-1)*8. What is the greatest common divisor of z and j?
3
Let m be ((-16)/6 - 3400/(-816))*(13416 - 0). Calculate the highest common factor of m and 9.
9
Suppose -2*j + 4*a + 46 = 0, 5*j - 2*a = -5*a + 50. Suppose -j*w + 12*w = 7. Let h be 1/(20/w + 3). What is the highest common factor of h and 91?
7
Let x(t) = 889*t - 4. Let o be x(2). Suppose 19*w - o - 88 = 0. Let i be (-4 + 2)/((-2)/14). What is the highest common factor of i and w?
14
Let i = 340 + -494. Let h = 174 + i. What is the greatest common divisor of h and 320?
20
Let h = -532 - -724. Let l be ((-4)/(-5))/(678/135 - 5). Calculate the highest common factor of h and l.
12
Let q(h) be the third derivative of h**6/60 - 13*h**5/60 - 2*h**4/3 - 7*h**3/2 - 108*h**2. Let b be q(8). What is the highest common factor of 43 and b?
43
Let q = 27809 + -24261. Calculate the greatest common factor of q and 4.
4
Suppose 2*l - 102 = l. Suppose 2*k + 4*a = 22, -5*k - 9*a + 4*a + 70 = 0. What is the highest common divisor of k and l?
17
Suppose 5*d - 6*d + 235 = i, 3*d - 2*i - 720 = 0. Calculate the greatest common divisor of 154 and d.
14
Suppose 13*g - 21297 = -10273. Calculate the highest common divisor of 48 and g.
16
Let w = 16615 + -16567. Suppose -5*y + 4*i + 57 = 5*i, 0 = -2*y - 3*i + 15. What is the highest common divisor of w and y?
12
Suppose 2*u = 6*u - 804. Suppose 2*x = -3*p + 298, 2*x - u = -2*p + 101. Calculate the greatest common factor of 5 and x.
5
Suppose 150 = s - 5*m, -7*s = -6*s + 4*m - 96. Suppose -35 + 85 = u. Calculate the greatest common factor of s and u.
10
Let g be 10*5/((-20)/(-992)). Calculate the greatest common divisor of g and 20.
20
Let t be (-12)/9*5*(-12312)/270. Calculate the highest common divisor of 16264 and t.
152
Suppose -1303*w - 310233 = -1320*w. What is the greatest common divisor of w and 231?
231
Suppose 10*n = -5*l + 6*n + 23, n = -5*l + 17. What is the greatest common divisor of l and 123?
3
Let m = -160 + 281. Let b = m + 4. Calculate the greatest common factor of b and 25.
25
Let y(x) = 15*x + 360. Let k be y(-19). Suppose -n + 2*n - 4 = 0. Suppose -5*h = 5 + 15, 2*h = n*m - 108. Calculate the greatest common divisor of k and m.
25
Let g(f) = 8 + 8 + 4*f + 10. Let s be g(7). Calculate the highest common factor of 180 and s.
18
Let i = 186 + 14. Let c = i + -60. What is the highest common divisor of 350 and c?
70
Suppose 0*w + 15 = 3*w. Suppose -q + 23 = 4*u - u, q - w = 3*u. Let m(p) = 3*p + 94. Let g be m(20). What is the highest common divisor of q and g?
14
Suppose -3*n - 292 = -2*y, -72*y + 148 = -71*y - n. Calculate the highest common divisor of 1064 and y.
152
Suppose 42*y = 40*y - 136*y + 7866. Calculate the highest common divisor of 1121 and y.
19
Suppose 4*t + 1332 = 14*t - 3*a, 408 = 3*t - 3*a. Calculate the greatest common divisor of 1067 and t.
11
Let n(d) = -10*d + 60. Let r be n(-17). Let m = r + -212. Calculate the highest common divisor of 2 and m.
2
Suppose -5*x + 8*x - 168 = -4*x. Suppose 4*v + 480 - 2408 = 0. Suppose 4*m = -6*i + 2*i + 376, m + v = 5*i. What is the greatest common factor of i and x?
24
Let j(p) = -7*p - 153. Suppose 0 = -61*a + 50*a - 341. Let d be j(a). Calculate the greatest common factor of d and 4.
4
Let i(v) = -3*v**3 - 53*v**2 - 27*v + 126. Let b be i(-17). What is the highest common divisor of b and 511?
7
Suppose -2*q - 6658 + 1186 = -4*z, 4115 = 3*z + 4*q. Calculate the greatest common divisor of 148 and z.
37
Let f(m) = -29*m - 8. Let i be f(-1). What is the greatest common factor of 910 and i?
7
Let c = 504 + -264. Let t = 480 - c. Suppose 6*v - t = v. What is the greatest common factor of v and 72?
24
Suppose 21*s + 198 = 15*s. Let q(w) = -17*w - 225. Let z be q(s). Suppose -3*b + 16 + 110 = 0. What is the highest common divisor of b and z?
42
Let z be 915/((-10)/(-2)) - -1. Let j = z + -173. What is the highest common divisor of j and 176?
11
Let i = -10 - -19. Let f = 89 + -53. Suppose 3*n - 4*q - 27 = 0, 8*n + 5*q + f = 12*n. What is the greatest common factor of n and i?
9
Let d(b) = b**3 + 10*b**2 + 6*b + 10. Let x be d(-8). Let v be 2 + -1 + -4 + 91. Suppose x*u = v*u + 2. Calculate the highest common divisor of 7 and u.
1
Let s = -4 + 35. Let z be -44 + -8 + 522 + 2 + 21/(-3). Calculate the highest common factor of s and z.
31
Let w = 33 + -30. Suppose -i + 21 = 3*x, 4*i = 3*x + 43 + 41. Calculate the greatest common factor of w and i.
3
Suppose 9*r - 8*r = 89*r - 85008. Let g = 26 - -58. What is the greatest common factor of r and g?
42
Let c(x) = -85*x + 360. Let h be c(2). Calculate the highest common factor of h and 1102.
38
Let c be (5/(-15))/(2/6). Let w(h) = -h + 39*h**2 - h + 22*h**2 + 39*h**2 + 1 - 3. Let p be w(c). Calculate the highest common divisor of 40 and p.
20
Suppose -147 = 6*s + s. Let t be (s/(-6))/7*3*34. What is the greatest common factor of t and 34?
17
Let k be (-95)/(-4) + (-2)/(-8). Suppose 8*q + 64 = 8. Let p be q - (-1 - (8 + 4)). What is the greatest common divisor of k and p?
6
Suppose 0 = -78*f + 60*f. Suppose -2*o + g + 165 + 54 = 0, -3*o + g + 331 = f. Calculate the highest common divisor of o and 196.
28
Let u(t) = t**2 + 15*t + 78. Let f be u(-6). Let x(c) = -c**2 + 27*c - 40. Let i be x(f). Calculate the greatest common divisor of 224 and i.
32
Suppose 0 = 2*t - 10, 356 = 2*l - 3*l + 3*t. Let z = 386 + l. Let m = 1 - -8. What is the highest common factor of z and m?
9
Suppose 0 = -j - 5, -2*c + 3*j + 2*j + 1079 = 0. Let f(s) = s**3 - 56*s**2 - 46*s - 610. Let l be f(57). What is the greatest common factor of c and l?
17
Let x = 117 - 91. Let k = 4444 + -4262. What is the greatest common divisor of k and x?
26
Suppose 15 = -5*r, t - 2*r = 50 - 16. What is the greatest common factor of 2653 and t?
7
Suppose 2*i = 2*o + 900, 2*o = 3*o. Let t = -610 - -710. Calculate the highest common factor of i and t.
50
Let z = 279 + -274. Let q be 11 - -131 - (-3 + z). What is the greatest common divisor of q and 42?
14
Let r = 28 - 16. Suppose 21*n - 140 = 49. What is the greatest common divisor of n and r?
3
Let r be (-2171)/169 + 15/(-13) + 1. Let v(s) = -23*s - 235. Let d be v(r). What is the greatest common factor of d and 8?
8
Suppose -4*n = -2 + 10. Let h be 0 + n/10 - 377/65. Let z(c) = c + 12. Let m be z(h). What is the greatest common divisor of m and 12?
6
Let n(v) = -5*v**3 - 2*v**2 - 4*v - 2. Let i be n(-2). Suppose 3*z - i = 106. Suppose 0 = -3513*r + 3489*r + 864. What is the highest common divisor of r and z?
12
Let l(g) = -6*g + 75. Let a be l(11). Suppose -z - 2 = 4*j - 30, a = -3*j. What is the greatest common divisor of z and 640?
40
Suppose -105 = -3*y - 2*y. Suppose -9*k + 8497 = 20*k. Suppose 3*r = 22 + k. Calculate the highest common factor of y and r.
21
Suppose -n + 214 = 52. Let a(b) = -11*b - 95. Let y be a(-9). Suppose -2*j - 40 = -2*l, -y*l + 2*j = -3*l - 22. What is the highest common factor of l and n?
18
Let u(k) = k - 6. Let w be u(6). Let q be (w + 1)*23 - 1. Suppose 4*d - 3*p - 82 = 0, -2*d = 2*p - 54 + 6. What is the highest common factor of d and q?
22
Let m(k) = -11*k**3 + k**2 + 2. Let s be m(-2). Let n = -4 + s. Let q be (8/3)/((-18)/(-405)). Calculate the highest common divisor of q and n.
30
Suppose 5*r + r = 12. Suppose 370*i = 361*i + 351. Suppose -k + 2*k = r*m + i, 0 = -4*m - 16. What is the greatest common divisor of k and 93?
31
Let w be 10/2 - (21 - 36). Let z(x) = -4*x**2 + 83*x + 8. Let u be z(w). Calculate the greatest common divisor of u and 544.
68
Let u be ((-5)/(-3))/(5/18). Suppose -28*h - 2244 = -u*h. Let t = h - -115. Calculate the greatest common factor of t and 13.
13
Suppose -1134900 = -64*z - 55*z - 75*z. Calculate the greatest common divisor of 50 and z.
50
Let k = -3696 - -4836. What is the greatest common divisor of 300 and k?
60
Suppose 14*p - 1608 = 2*p. Suppose -3*o = -5*b - 274, 0 = -2*o + 5*b + p + 52. Let s be 3008/o - (-2)/(-11). What is the greatest common factor of s and 102?
3